 hundreds digit of 550394?
3
What is the hundred thousands digit of 14962502?
9
What is the hundred thousands digit of 182647?
1
What is the units digit of 9360874?
4
What is the hundreds digit of 503409?
4
What is the units digit of 2189989?
9
What is the hundred thousands digit of 196138?
1
What is the ten thousands digit of 6295709?
9
What is the units digit of 8850208?
8
What is the hundreds digit of 838020?
0
What is the units digit of 242440?
0
What is the hundreds digit of 11308552?
5
What is the ten thousands digit of 18266659?
6
What is the ten thousands digit of 679900?
7
What is the hundred thousands digit of 240571?
2
What is the hundred thousands digit of 290903?
2
What is the thousands digit of 2803467?
3
What is the thousands digit of 180654?
0
What is the hundred thousands digit of 14318847?
3
What is the hundred thousands digit of 417740?
4
What is the hundred thousands digit of 104000?
1
What is the hundreds digit of 4810365?
3
What is the millions digit of 37912806?
7
What is the hundred thousands digit of 1713837?
7
What is the tens digit of 2482353?
5
What is the hundreds digit of 178064?
0
What is the hundred thousands digit of 129983?
1
What is the hundred thousands digit of 4704676?
7
What is the units digit of 597379?
9
What is the millions digit of 1567595?
1
What is the ten thousands digit of 71323?
7
What is the hundreds digit of 13190204?
2
What is the tens digit of 1190631?
3
What is the millions digit of 2484597?
2
What is the ten thousands digit of 1700980?
0
What is the tens digit of 3969665?
6
What is the hundred thousands digit of 133003?
1
What is the ten millions digit of 14225798?
1
What is the thousands digit of 481533?
1
What is the thousands digit of 235980?
5
What is the tens digit of 2337237?
3
What is the hundred thousands digit of 214472?
2
What is the ten thousands digit of 244815?
4
What is the hundred thousands digit of 732133?
7
What is the ten thousands digit of 9279101?
7
What is the tens digit of 151690?
9
What is the units digit of 882018?
8
What is the ten thousands digit of 3184159?
8
What is the tens digit of 5908441?
4
What is the tens digit of 410277?
7
What is the millions digit of 30785409?
0
What is the thousands digit of 18857121?
7
What is the tens digit of 22320859?
5
What is the ten thousands digit of 2161987?
6
What is the tens digit of 10017270?
7
What is the tens digit of 12860849?
4
What is the thousands digit of 4331126?
1
What is the tens digit of 4546054?
5
What is the ten thousands digit of 7239875?
3
What is the tens digit of 537101?
0
What is the tens digit of 792023?
2
What is the millions digit of 1101909?
1
What is the hundred thousands digit of 4933120?
9
What is the units digit of 612707?
7
What is the ten thousands digit of 38861?
3
What is the hundreds digit of 2587555?
5
What is the hundred thousands digit of 13974508?
9
What is the tens digit of 1092314?
1
What is the units digit of 6618993?
3
What is the ten thousands digit of 786912?
8
What is the thousands digit of 181825?
1
What is the ten thousands digit of 1075203?
7
What is the hundred thousands digit of 489179?
4
What is the ten thousands digit of 8135220?
3
What is the tens digit of 3725189?
8
What is the hundreds digit of 686676?
6
What is the hundreds digit of 230152?
1
What is the ten thousands digit of 8114997?
1
What is the hundreds digit of 11202962?
9
What is the hundreds digit of 10584111?
1
What is the units digit of 1367786?
6
What is the thousands digit of 20169877?
9
What is the millions digit of 11297762?
1
What is the tens digit of 622758?
5
What is the units digit of 3831533?
3
What is the units digit of 561340?
0
What is the thousands digit of 679305?
9
What is the tens digit of 3878837?
3
What is the ten thousands digit of 2832796?
3
What is the hundreds digit of 1517961?
9
What is the tens digit of 2321857?
5
What is the hundreds digit of 2659626?
6
What is the hundreds digit of 243189?
1
What is the thousands digit of 3079975?
9
What is the hundreds digit of 5183051?
0
What is the thousands digit of 515903?
5
What is the ten thousands digit of 11162536?
6
What is the hundreds digit of 887?
8
What is the thousands digit of 432373?
2
What is the thousands digit of 34913080?
3
What is the tens digit of 11674496?
9
What is the hundred thousands digit of 596624?
5
What is the ten thousands digit of 5008879?
0
What is the hundreds digit of 212072?
0
What is the ten thousands digit of 484585?
8
What is the hundred thousands digit of 878640?
8
What is the hundreds digit of 17733645?
6
What is the ten millions digit of 20793625?
2
What is the hundred thousands digit of 457133?
4
What is the millions digit of 4995529?
4
What is the thousands digit of 341720?
1
What is the millions digit of 1156093?
1
What is the millions digit of 2186444?
2
What is the units digit of 8391550?
0
What is the millions digit of 18772051?
8
What is the thousands digit of 364441?
4
What is the tens digit of 5267615?
1
What is the ten millions digit of 11127802?
1
What is the hundred thousands digit of 367623?
3
What is the units digit of 1792848?
8
What is the thousands digit of 141726?
1
What is the tens digit of 9832673?
7
What is the units digit of 5410922?
2
What is the thousands digit of 723559?
3
What is the hundreds digit of 1598754?
7
What is the units digit of 138647?
7
What is the hundred thousands digit of 11134578?
1
What is the hundreds digit of 808649?
6
What is the ten thousands digit of 233735?
3
What is the hundred thousands digit of 382894?
3
What is the millions digit of 25619806?
5
What is the thousands digit of 2820969?
0
What is the millions digit of 1562122?
1
What is the hundreds digit of 537264?
2
What is the units digit of 1547352?
2
What is the hundred thousands digit of 127020?
1
What is the tens digit of 258504?
0
What is the ten thousands digit of 4730239?
3
What is the hundred thousands digit of 4506309?
5
What is the millions digit of 5191190?
5
What is the thousands digit of 257648?
7
What is the millions digit of 1588838?
1
What is the tens digit of 436424?
2
What is the hundred thousands digit of 38538146?
5
What is the hundreds digit of 170777?
7
What is the ten thousands digit of 18042358?
4
What is the hundred thousands digit of 419086?
4
What is the ten millions digit of 10738713?
1
What is the tens digit of 23979265?
6
What is the hundred thousands digit of 497762?
4
What is the hundreds digit of 9943370?
3
What is the thousands digit of 329231?
9
What is the thousands digit of 824463?
4
What is the hundreds digit of 14220830?
8
What is the tens digit of 618796?
9
What is the tens digit of 336445?
4
What is the tens digit of 5484126?
2
What is the hundreds digit of 5844822?
8
What is the units digit of 135692?
2
What is the thousands digit of 845599?
5
What is the hundred thousands digit of 5424060?
4
What is the hundreds digit of 8524417?
4
What is the hundreds digit of 4458712?
7
What is the tens digit of 1234268?
6
What is the hundred thousands digit of 3130543?
1
What is the units digit of 145008?
8
What is the hundreds digit of 246958?
9
What is the hundred thousands digit of 11816822?
8
What is the hundreds digit of 264586?
5
What is the millions digit of 7218372?
7
What is the units digit of 26344264?
4
What is the thousands digit of 2242630?
2
What is the hundreds digit of 124790?
7
What is the tens digit of 30059641?
4
What is the hundred thousands digit of 15317603?
3
What is the ten thousands digit of 1283517?
8
What is the hundreds digit of 362901?
9
What is the thousands digit of 715133?
5
What is the ten thousands digit of 1242256?
4
What is the ten thousands digit of 1448960?
4
What is the units digit of 522162?
2
What is the hundreds digit of 204814?
8
What is the thousands digit of 232151?
2
What is the units digit of 643097?
7
What is the hundreds digit of 746972?
9
What is the tens digit of 179445?
4
What is the units digit of 5720636?
6
What is the units digit of 1375848?
8
What is the units digit of 6170777?
7
What is the hundred thousands digit of 745564?
7
What is the tens digit of 5531992?
9
What is the tens digit of 129366?
6
What is the units digit of 3740800?
0
What is the ten thousands digit of 90373?
9
What is the thousands digit of 214548?
4
